the greatest common factor of a and 4?
4
Let d(i) = 2*i**2 + 12*i + 30. Let h be d(-5). Let n = 5 + -1. Calculate the highest common divisor of h and n.
4
Suppose -2*u + 2*j + 8 = 0, -2*j - 2*j - 16 = 4*u. Let z be -3 + (u - -7)*1. Let r be (z + -2 + -1)*66. What is the greatest common factor of r and 22?
22
Let w be -2*(1 + (-9)/6). Suppose -w = l - 6. What is the highest common factor of l and 25?
5
Let k = 158 + 22. Calculate the highest common factor of 45 and k.
45
Let g be 14 - (8 + -8 + 4). Calculate the greatest common divisor of 60 and g.
10
Let v(w) = 2*w + 14. Let j be v(-6). What is the highest common divisor of j and 34?
2
Let l(g) = g**2 + 2*g + 1. Suppose -5*o + 5 = -w - w, -5*w - o + 55 = 0. Suppose 0 = -5*t - w. Let v be l(t). What is the greatest common divisor of 3 and v?
1
Let c(g) = 3*g**2 + g - 7. Let y be c(-5). Let b = 111 - y. Calculate the greatest common divisor of b and 16.
16
Suppose 205 + 308 = 3*f. Let x be 4/6 + (-110)/(-6). What is the greatest common factor of f and x?
19
Let b be (4/3 - -1)/(9/216). Calculate the highest common factor of b and 7.
7
Let a(s) = -s + 19. Let j be a(9). Let p = j + -2. Suppose -5*h = -5*q - 60, 0*q + 44 = 5*h - q. Calculate the greatest common divisor of h and p.
8
Let j be (0 + -2)/((-2)/21). Suppose 5*b - 15 = 15. Let i(c) = c**2 - 5*c + 8. Let p be i(b). Calculate the highest common factor of p and j.
7
Let q be (3/(-15))/((-2)/10). Let a be (2 + -8 - q)/(-1). What is the highest common divisor of a and 21?
7
Suppose -2*h + 4*t + 20 = 0, -5*h + 3*h + 45 = t. What is the highest common divisor of 90 and h?
10
Suppose 0 = -3*s + 4 + 8. Suppose s*m - 8*m = 0. Suppose 5 = 5*z - 3*h, m = -z + 2*z + h - 9. What is the greatest common divisor of z and 2?
2
Let p = -155 + 169. What is the greatest common factor of 14 and p?
14
Let k = -308 + 542. Let z = 84 - 58. What is the greatest common factor of k and z?
26
Let k = -312 - -672. Suppose -n + k = 4*n. Let y = 1 - -8. Calculate the highest common factor of y and n.
9
Let s(v) = v - 2. Let m be s(5). Let z be -11*(m + -2)/(-1). What is the highest common divisor of z and 22?
11
Let s(d) = -d + 6. Let h be s(6). Suppose -2*b - 3*b + 70 = h. Suppose -272 = -5*q + 218. What is the greatest common factor of b and q?
14
Let p = -13 - -15. What is the greatest common factor of p and 3?
1
Suppose -j = j + y - 489, 2*j - 509 = -5*y. Let o = -130 + j. Calculate the highest common factor of o and 14.
14
Suppose 2*d = 5*d - 90. Let i be 4*(-1 + (-1)/(-2)). Let l be (-3)/((-3)/i) - -12. What is the highest common factor of d and l?
10
Let x be 1*(-7 + -2) - 0. Let u = -6 - x. Suppose -3*h - 3*t + 358 = 2*t, -2*t + 361 = u*h. What is the greatest common divisor of 11 and h?
11
Suppose -2*u + u = -3, d = 3*u + 19. Let j be 3/7 - (-772)/d. Calculate the greatest common factor of j and 42.
14
Let t = -46 - -118. Let j = -36 + t. Calculate the greatest common divisor of 24 and j.
12
Let l be 138/(-7) + 2/(-7). Let i = -6 - l. What is the highest common divisor of 7 and i?
7
Suppose 46 = z - 9. What is the greatest common divisor of z and 5?
5
Suppose 3*j + 0*j = n + 6, -4 = -2*j + 3*n. Let f = 28 + -27. Calculate the greatest common divisor of j and f.
1
Let u(a) = a**3 + 4*a**2 - 3*a + 1. Let x be u(2). Calculate the highest common divisor of x and 76.
19
Suppose -4*a - 95 = 97. Let d = 73 + a. Calculate the highest common factor of d and 150.
25
Let x = 41 + -184. Let j = x - -247. Calculate the highest common factor of j and 26.
26
Suppose 532 - 181 = 13*q. What is the greatest common factor of q and 297?
27
Let q(g) = 2*g - 7. Let x be q(6). Suppose -x*p + 2*p = -30. What is the greatest common factor of 90 and p?
10
Suppose 2*w - 7*w + 80 = 0. Let x(g) = g**3 - 5*g**2 + g - 2. Let i be 1*8 + 4/(-2). Let l be x(i). Calculate the greatest common divisor of l and w.
8
Suppose -3*z - 5*p = -z - 77, 2*z + 2*p = 62. Calculate the highest common factor of z and 182.
26
Suppose 3*s + 3*m + 1 = 4*s, 2*s = 2*m + 22. What is the highest common divisor of 80 and s?
16
Suppose 9*j - 60 = 4*j. Calculate the greatest common divisor of j and 8.
4
Let i = 15 - -9. Suppose -i = -2*t + 152. What is the greatest common factor of 11 and t?
11
Suppose -1091 = -9*n + 349. Suppose 2*y - 40 = -0*y. Calculate the greatest common divisor of n and y.
20
Suppose -4*m - 44 = 4*l, -l = -m - 2 + 5. Let d = l + 11. Suppose -d*a = -3*a - 5. Calculate the greatest common factor of 35 and a.
5
Let v(w) = -w**3 + 10*w**2 + 4*w - 27. Let s be v(9). Suppose 9*l = 4*l + 50. Calculate the highest common factor of s and l.
10
Let s(r) = r**3 + 6*r**2 - 11*r - 11. Let x be s(-7). What is the greatest common factor of 17 and x?
17
Let u be (-2 - 0)/((-363)/90 - -4). Calculate the highest common factor of 75 and u.
15
Let s(x) be the first derivative of 4*x**2 - 8*x - 3. Let o be s(7). What is the highest common factor of 6 and o?
6
Let n = 99 - 75. Suppose b - 24 = -b. Calculate the highest common factor of b and n.
12
Let p(q) = -q**3 - 3*q**2 + 10*q + 7. Let y be p(-5). What is the highest common divisor of y and 133?
7
Suppose 0 = 3*v - 61 - 11. Let i = v + -13. What is the greatest common divisor of 33 and i?
11
Let r be ((-2)/(-4))/((-5)/(-40)). Suppose r*l = l + 33. What is the greatest common factor of l and 77?
11
Suppose -69 = -3*l - 3*g, -2*l - 2*l + 52 = -4*g. Suppose 0*c - 2*c = -l. Suppose t - 17 = a, c + 2 = t + 5*a. Calculate the highest common factor of 40 and t.
8
Let y(p) = -2*p - 1. Let a be y(-6). Let z = 27 - a. What is the greatest common divisor of 48 and z?
16
Let t = 50 - 34. What is the highest common divisor of 112 and t?
16
Let j be 17/1 + (0 - 5). Let u(f) = -13*f - 1. Let q be u(-1). Calculate the highest common divisor of q and j.
12
Suppose -3*o = -16 - 26. Suppose 504 = 9*y - 3*y. What is the greatest common factor of y and o?
14
Suppose -5*z - 4*a + 22 = -5*a, 4*a = -3*z + 4. Let j = 455 + -297. Let u be (-4)/(-10) - j/(-5). Calculate the highest common factor of u and z.
4
Suppose -3*g + 39 = 3*w, 2*w - 2*g - 14 = -0*g. Suppose 4*b - w = -4*s + 22, 0 = b + 4*s - 17. What is the greatest common factor of 5 and b?
5
Suppose 6*p - 570 + 150 = 0. What is the highest common factor of p and 14?
14
Let w = 8 - 3. What is the greatest common divisor of 45 and w?
5
Suppose -4 = 2*j - 3*j. Suppose -8 = j*n, 2*x - 8 - 6 = n. Let t(q) = q**2 - 4*q - 5. Let v be t(x). Calculate the highest common factor of v and 1.
1
Let i = 5 - 5. Let q be i*((-2)/4 + 0). Let z be (-21)/6*(-2 + q). Calculate the greatest common divisor of z and 77.
7
Suppose -i - 336 = -3*i. Let a be 1/(i/165 + -1). Calculate the greatest common divisor of 5 and a.
5
Let n(r) = r**2 + 15*r + 12. Let s be n(-15). Calculate the highest common factor of s and 6.
6
Suppose 3*c - 3*o - 4 = 7*c, 3*o = -3*c - 6. Suppose c*v - 34 = 5*m, -v + 6*m = 2*m - 17. What is the greatest common divisor of 85 and v?
17
Let b be (-3)/4 + 405/60. Calculate the greatest common factor of 6 and b.
6
Let u be -1 + 10 - (-8)/2. Calculate the highest common factor of 143 and u.
13
Suppose -3*q + 230 = 98. What is the highest common factor of q and 44?
44
Suppose -3*t + 9 = 0, 4*l - t - 3*t = 60. Calculate the highest common divisor of l and 9.
9
Suppose 0 = -2*i + 2 - 8. Let a = 3 - i. Suppose -11*k - 122 = -386. Calculate the greatest common factor of k and a.
6
Let t(r) = r**2 - 8*r + 13. Let w be t(9). Calculate the greatest common factor of w and 55.
11
Let p = -86 - -125. What is the greatest common divisor of p and 26?
13
Let b be (1 - 2 - -2)*5. Calculate the greatest common divisor of b and 5.
5
Let y be (18 - 3)/((-4)/(-20) + 0). Calculate the greatest common divisor of 30 and y.
15
Let g = -179 + 115. Let f be g/(-6) + 4/(-6). Let m be (-2)/(-5) - (-116)/f. What is the highest common factor of 48 and m?
12
Suppose a - 22 - 12 = 0. Calculate the highest common divisor of 85 and a.
17
Let a = -7 - -10. Let g(w) = -10*w + 3. Let k be g(-3). Calculate the highest common factor of a and k.
3
Let a be (3*-3)/((133/70)/(-19)). What is the highest common factor of a and 36?
18
Suppose -265 = -5*k - 4*i, -2*k + 4*i = k - 191. Calculate the highest common divisor of k and 19.
19
Let f be 2 + 189 + (-3 - 4/(-2)). Calculat